True
Is 97 a multiple of 17?
False
Does 80 divide 7465?
False
Is 1310 a multiple of 10?
True
Does 5 divide 1954?
False
Does 42 divide 1050?
True
Does 40 divide 2520?
True
Is 15 a factor of 795?
True
Is 55 a factor of 344?
False
Does 12 divide 10668?
True
Is 936 a multiple of 24?
True
Is 14 a factor of 3052?
True
Is 23 a factor of 3910?
True
Does 25 divide 4410?
False
Is 22 a factor of 54406?
True
Does 87 divide 8526?
True
Is 101 a factor of 2727?
True
Is 72 a multiple of 3?
True
Is 695 a multiple of 22?
False
Does 63 divide 3969?
True
Is 6 a factor of 256?
False
Does 43 divide 12169?
True
Does 76 divide 6308?
True
Is 2700 a multiple of 90?
True
Does 9 divide 7066?
False
Is 707 even?
False
Does 5 divide 320?
True
Is 16 a factor of 625?
False
Does 4 divide 2530?
False
Does 4 divide 214?
False
Is 2 a factor of 1010?
True
Is 25 a factor of 41684?
False
Is 11213 a multiple of 46?
False
Is 245 a factor of 35549?
False
Does 15 divide 561?
False
Is 60 a factor of 1774?
False
Is 14 a factor of 1233?
False
Is 9 a factor of 10304?
False
Is 6 a factor of 1194?
True
Does 29 divide 9599?
True
Is 80 a factor of 8800?
True
Is 32938 a multiple of 28?
False
Does 36 divide 3546?
False
Does 28 divide 906?
False
Is 2829 a multiple of 23?
True
Is 31 a factor of 279?
True
Is 114 a factor of 4001?
False
Is 2555 a multiple of 37?
False
Does 5 divide 710?
True
Is 12 a factor of 44356?
False
Is 1355 a multiple of 4?
False
Does 90 divide 124902?
False
Is 768 a multiple of 12?
True
Is 121 a factor of 6099?
False
Does 97 divide 35238?
False
Does 58 divide 18373?
False
Does 76 divide 1596?
True
Is 4556 a multiple of 17?
True
Is 29 a factor of 1314?
False
Is 329 a multiple of 7?
True
Does 7 divide 3388?
True
Is 19 a factor of 4539?
False
Does 7 divide 15218?
True
Is 5344 a multiple of 8?
True
Does 34 divide 834?
False
Does 2 divide 37?
False
Is 870 a multiple of 6?
True
Does 28 divide 8491?
False
Is 231 a multiple of 7?
True
Is 213 a multiple of 3?
True
Is 1410 a multiple of 13?
False
Does 18 divide 792?
True
Is 18 a factor of 3060?
True
Is 7 a factor of 289?
False
Is 10968 a multiple of 8?
True
Does 118 divide 2950?
True
Is 50 a factor of 2603?
False
Is 4 a factor of 769?
False
Does 20 divide 28080?
True
Does 184 divide 20792?
True
Is 59215 a multiple of 65?
True
Is 381 a multiple of 22?
False
Is 8 a factor of 53998?
False
Is 19 a factor of 2175?
False
Is 4536 a multiple of 28?
True
Does 24 divide 456?
True
Does 20 divide 7240?
True
Does 13 divide 13065?
True
Is 30 a factor of 38712?
False
Does 34 divide 3366?
True
Is 11 a factor of 10945?
True
Is 3704 a multiple of 5?
False
Is 14 a factor of 154?
True
Does 141 divide 11614?
False
Is 3344 a multiple of 38?
True
Does 5 divide 2262?
False
Is 1318 a multiple of 25?
False
Does 26 divide 260?
True
Does 126 divide 3497?
False
Is 4 a factor of 188?
True
Is 440 a multiple of 10?
True
Is 178 even?
True
Does 23 divide 6662?
False
Is 9 a factor of 205?
False
Is 67 a multiple of 2?
False
Is 6 a factor of 240?
True
Is 227 a multiple of 99?
False
Is 3 a factor of 753?
True
Does 2 divide 169?
False
Does 14 divide 5473?
False
Is 72 a factor of 720?
True
Is 2527 a multiple of 23?
False
Is 1144 a multiple of 22?
True
Does 50 divide 28400?
True
Does 27 divide 136490?
False
Is 2 a factor of 113?
False
Is 376 a multiple of 30?
False
Is 251 a multiple of 34?
False
Does 86 divide 1364?
False
Is 2428 a multiple of 9?
False
Does 5 divide 399?
False
Is 66 a factor of 13125?
False
Is 27 a factor of 13566?
False
Does 3 divide 162?
True
Does 47 divide 88?
False
Is 23 a factor of 6058?
False
Does 2 divide 3577?
False
Is 11076 a multiple of 213?
True
Does 10 divide 1140?
True
Is 32 a factor of 350?
False
Is 33 a factor of 1230?
False
Is 1580 a multiple of 4?
True
Is 17 a factor of 1258?
True
Is 46 a factor of 10084?
False
Does 20 divide 2210?
False
Does 15 divide 643?
False
Is 811 a multiple of 13?
False
Does 3 divide 90?
True
Is 1056 a multiple of 22?
True
Is 29 a factor of 19239?
False
Does 25 divide 58?
False
Does 5 divide 1066?
False
Does 20 divide 14928?
False
Is 4 a factor of 87?
False
Is 52 a factor of 4138?
False
Does 119 divide 2142?
True
Does 20 divide 28764?
False
Does 8 divide 1072?
True
Is 45 a factor of 48605?
False
Is 45400 a multiple of 200?
True
Does 35 divide 1050?
True
Is 11 a factor of 1843?
False
Does 3 divide 4639?
False
Is 3 a factor of 75?
True
Is 9 a factor of 936?
True
Is 3614 a multiple of 26?
True
Is 53 a factor of 36839?
False
Is 2700 a multiple of 30?
True
Is 8855 a multiple of 57?
False
Is 11 a factor of 231?
True
Is 74 a factor of 50242?
False
Is 24 a factor of 19814?
False
Is 2445 a multiple of 8?
False
Is 3392 a multiple of 30?
False
Is 18720 a multiple of 45?
True
Is 31 a factor of 674?
False
Is 10 a factor of 6738?
False
Is 5 a factor of 25950?
True
Is 3656 a multiple of 8?
True
Is 22 a factor of 124?
False
Is 16 a factor of 1125?
False
Does 150 divide 87450?
True
Is 620 a multiple of 62?
True
Is 2 a factor of 9159?
False
Is 348 a multiple of 29?
True
Does 162 divide 9396?
True
Is 100 a multiple of 5?
True
Is 171 a factor of 46683?
True
Is 185 a factor of 35593?
False
Is 21 a factor of 399?
True
Is 823 a multiple of 10?
False
Is 175 a multiple of 25?
True
Is 362 a multiple of 45?
False
Is 114 a factor of 60456?
False
Does 7 divide 30?
False
Is 6 a factor of 180?
True
Is 19760 a multiple of 16?
True
Is 459 a multiple of 20?
False
Does 7 divide 27665?
False
Is 14 a factor of 274?
False
Is 53 a factor of 14361?
False
Is 211 a factor of 46859?
False
Is 13231 a multiple of 24?
False
Is 14355 a multiple of 87?
True
Is 11 a factor of 649?
True
Is 1225 a multiple of 77?
False
Does 156 divide 2470?
False
Does 6 divide 40368?
True
Is 220 a multiple of 23?
False
Is 2133 a multiple of 8?
False
Is 3 a factor of 5872?
False
Is 20 a factor of 3280?
True
Does 36 divide 7956?
True
Is 12 a factor of 23844?
True
Is 61 a factor of 4819?
True
Does 48 divide 2615?
False
Does 121 divide 32186?
True
Does 22 divide 18612?
True
Is 16 a factor of 2480?
True
Is 17 a factor of 1210?
False
Is 1030 a multiple of 2?
True
Is 31 a factor of 310?
True
Is 198 a multiple of 11?
True
Is 23 a factor of 7958?
True
Is 158 a factor of 36636?
False
Does 32 divide 28632?
False
Does 2 divide 110?
True
Is 60 a factor of 3046?
False
Is 22088 a multiple of 22?
True
Is 5 a factor of 1272?
False
Is 299 a multiple of 62?
False
Does 5 divide 700?
True
Does 3 divide 35754?
True
Does 55 divide 1045?
True
Is 1211 a multiple of 12?
False
Is 52 a factor of 533?
False
Is 3322 a multiple of 151?
True
Is 6816 a multiple of 140?
False
Is 19 a factor of 136512?
False
Is 2774 a multiple of 19?
True
Is 65306 a multiple of 20?
False
Does 177 divide 885?
True
Is 4002 a multiple of 33?
False
Is 37 a factor of 555?
True
Does 4 divide 64?
True
Is 1302 a multiple of 21?
True
Is 5 a factor of 13010?
True
Does 2 divide 367?
False
Does 15 divide 1644?
False
Is 21 a factor of 1525?
False
Is 1656 a multiple of 18?
True
Is 586 a multiple of 24?
False
Does 53 divide 6678?
True
Is 63 a factor of 15866?
False
Is 17 a factor of 19320?
False
Is 2184 a multiple of 4?
True
Is 6994 a multiple of 26?
True
Is 20 a factor of 10760?
True
Is 52 a factor of 242?
False
Is 51 a factor of 11270?
False
Is 49376 a multiple of 32?
True
Is 672 a multiple of 2?
True
Is 1411 a multiple of 83?
True
Does 8 divide 21820?
False
Does 16 divide 47024?
True
Is 2492 a multiple of 89?
True
Is 65 a factor of 905?
False
Is 5 a factor of 1047?
False
Does 20 divide 220?
True
Is 62 a factor of 54312?
True
Does 7 divide 91?
True
Is 61 a factor of 9930?
False
Does 12 divide 1284?
True
Is 1385 a multiple of 85?
False
Is 2892 a multiple of 86?
False
Is 10 a factor of 3720?
True
Does 7 divide 1050?
True
Is 354 a multiple of 5?
False
Is 17 a factor of 48841?
True
Does 8 divide 6352?
True
Is 12 a factor of 5676?
True
Is 2 a factor of 46?
True
Does 2 divide 72?
True
Does 59 divide 2637?
False
Is 19 a factor of 14892?
False
Does 21 divide 381?
False
Is 68 a factor of 1224?
True
Does 66 divide 1070?
False
Does 2 divide 1235?
False
Is 27 a factor of 5049?
True
Is 102 a multiple of 6?
True
Is 1198 a multiple of 39?
False
Does 7 divide 55?
False
Is 2015 a multiple of 5?
True
Is 16680 a multiple of 120?
True
Is 63 a factor of 1076?
False
